{"id":1106,"date":"2020-08-03T11:38:14","date_gmt":"2020-08-03T14:38:14","guid":{"rendered":"http:\/\/www.padrelascasas.cl\/newplc\/?page_id=1106"},"modified":"2025-04-21T14:45:22","modified_gmt":"2025-04-21T17:45:22","slug":"permiso-de-circulacion","status":"publish","type":"page","link":"https:\/\/padrelascasas.cl\/newplc\/permiso-de-circulacion\/","title":{"rendered":"Permiso de Circulaci\u00f3n"},"content":{"rendered":"\n<h1 class=\"wp-block-heading has-vivid-cyan-blue-color has-text-color\">Informaci\u00f3n<\/h1>\n\n\n\n<p>Renovar u obtener el permiso de circulaci\u00f3n de todos aquellos veh\u00edculos motorizados de acuerdo a lo estipulado por la ley N\u00b0 3063 de Rentas Municipales Art.12 letra a:<\/p>\n\n\n\n<p>Hasta el 31 de marzo de cada a\u00f1o; si paga en cuotas, la segunda vence el 31 de agosto.<\/p>\n\n\n\n<div style=\"height:20px\" aria-hidden=\"true\" class=\"wp-block-spacer\"><\/div>\n\n\n\n<i class=\"fa fa-calendar \" ><\/i> : lunes a viernes de 08:35 a 13:00 horas (En fecha de vencimiento se extender\u00e1 el horario)<br><i class=\"fa fa-user \" ><\/i>: Carlos Garrido<br><i class=\"fa fa-phone \" ><\/i>: 45-2 590 186 \/ 45-2 590 189<br><i class=\"fa fa-envelope \" ><\/i>: <a rel=\"noreferrer noopener\" href=\"mailto:permisocirculacion@padrelascasas.cl\" target=\"_blank\">permisocirculacion@padrelascasas.cl<\/a><\/p>\n\n\n\n<div style=\"height:41px\" aria-hidden=\"true\" class=\"wp-block-spacer\"><\/div>\n\n\n\n<div class=\"wp-block-buttons is-layout-flex wp-block-buttons-is-layout-flex\">\n<div class=\"wp-block-button\"><a class=\"wp-block-button__link has-very-light-gray-color has-text-color has-background wp-element-button\" href=\"https:\/\/permisocirculacionplc.cl\/\" style=\"border-radius:5px;background:linear-gradient(164deg,rgba(6,147,227,1) 0%,rgb(19,81,225) 100%)\" target=\"_blank\" rel=\"noreferrer noopener\">M\u00e1s Informaci\u00f3n<\/a><\/div>\n\n\n\n<div class=\"wp-block-button is-style-outline destino-pcv is-style-outline--1\"><a class=\"wp-block-button__link has-very-light-gray-color has-text-color has-background wp-element-button\" href=\"https:\/\/portalpagos.smc.cl\/PADRE_LAS_CASAS\/PV\/Inicio\" style=\"border-radius:5px;background:linear-gradient(164deg,rgba(6,147,227,1) 0%,rgb(19,81,225) 100%)\" target=\"_blank\" rel=\"noreferrer noopener\">Pago Online<\/a><\/div>\n\n\n\n<div class=\"wp-block-button\"><a class=\"wp-block-button__link has-very-light-gray-color has-text-color has-background wp-element-button\" href=\"http:\/\/www.padrelascasas.cl\/newplc\/calculo-permiso-de-circulacion\/\" style=\"border-radius:5px;background:linear-gradient(164deg,rgba(6,147,227,1) 0%,rgb(19,81,225) 100%)\">C\u00e1lculo de Permiso de Circulaci\u00f3n<\/a><\/div>\n\n\n\n<div class=\"wp-block-button\"><a class=\"wp-block-button__link has-very-light-gray-color has-text-color has-background wp-element-button\" href=\"https:\/\/www.sii.cl\/avalu\/tv\/tv_liv_inp2011.htm\" style=\"border-radius:5px;background:linear-gradient(164deg,rgba(6,147,227,1) 0%,rgb(19,81,225) 100%)\" target=\"_blank\" rel=\"noreferrer noopener\">Tasaci\u00f3n de Veh\u00edculos SII<\/a><\/div>\n\n\n\n<div class=\"wp-block-button\"><a class=\"wp-block-button__link has-very-light-gray-color has-text-color has-background wp-element-button\" href=\"http:\/\/www.padrelascasas.cl\/newplc\/vehiculos-fuera-de-circulacion\/\" style=\"border-radius:5px;background:linear-gradient(164deg,rgba(6,147,227,1) 0%,rgb(19,81,225) 100%)\">Veh\u00edculos fuera de circulaci\u00f3n<\/a><\/div>\n\n\n\n<div class=\"wp-block-button\"><a class=\"wp-block-button__link has-very-light-gray-color has-text-color has-background wp-element-button\" href=\"http:\/\/consultamultas.srcei.cl\/ConsultaMultas\/consultaMultasExterna.do\" style=\"border-radius:5px;background:linear-gradient(164deg,rgba(6,147,227,1) 0%,rgb(19,81,225) 100%)\" target=\"_blank\" rel=\"noreferrer noopener\">Multas de Tr\u00e1nsito no Pagadas<\/a><\/div>\n<\/div>\n\n\n\n<p><\/p>\n","protected":false},"excerpt":{"rendered":"<p>Informaci\u00f3n Renovar u obtener el permiso de circulaci\u00f3n de todos aquellos veh\u00edculos motorizados de acuerdo a lo estipulado por la ley N\u00b0 3063 de Rentas Municipales Art.12 letra a: Hasta el 31 de marzo de cada a\u00f1o; si paga en cuotas, la segunda vence el 31 de agosto. : lunes a viernes de 08:35 a [&hellip;]<\/p>\n","protected":false},"author":1,"featured_media":0,"parent":0,"menu_order":0,"comment_status":"closed","ping_status":"closed","template":"","meta":{"pgc_sgb_lightbox_settings":"","footnotes":""},"class_list":["post-1106","page","type-page","status-publish","hentry"],"_links":{"self":[{"href":"https:\/\/padrelascasas.cl\/newplc\/wp-json\/wp\/v2\/pages\/1106","targetHints":{"allow":["GET"]}}],"collection":[{"href":"https:\/\/padrelascasas.cl\/newplc\/wp-json\/wp\/v2\/pages"}],"about":[{"href":"https:\/\/padrelascasas.cl\/newplc\/wp-json\/wp\/v2\/types\/page"}],"author":[{"embeddable":true,"href":"https:\/\/padrelascasas.cl\/newplc\/wp-json\/wp\/v2\/users\/1"}],"replies":[{"embeddable":true,"href":"https:\/\/padrelascasas.cl\/newplc\/wp-json\/wp\/v2\/comments?post=1106"}],"version-history":[{"count":1,"href":"https:\/\/padrelascasas.cl\/newplc\/wp-json\/wp\/v2\/pages\/1106\/revisions"}],"predecessor-version":[{"id":11290,"href":"https:\/\/padrelascasas.cl\/newplc\/wp-json\/wp\/v2\/pages\/1106\/revisions\/11290"}],"wp:attachment":[{"href":"https:\/\/padrelascasas.cl\/newplc\/wp-json\/wp\/v2\/media?parent=1106"}],"curies":[{"name":"wp","href":"https:\/\/api.w.org\/{rel}","templated":true}]}}