{"id":114,"date":"2020-06-03T03:28:48","date_gmt":"2020-06-03T06:28:48","guid":{"rendered":"http:\/\/www.padrelascasas.cl\/newplc\/?page_id=114"},"modified":"2022-11-16T16:00:17","modified_gmt":"2022-11-16T19:00:17","slug":"administracion-municipal","status":"publish","type":"page","link":"https:\/\/padrelascasas.cl\/newplc\/administracion-municipal\/","title":{"rendered":"Administraci\u00f3n Municipal"},"content":{"rendered":"\n<div class=\"wp-block-columns is-layout-flex wp-container-core-columns-is-layout-1 wp-block-columns-is-layout-flex\">\n<div class=\"wp-block-column is-layout-flow wp-block-column-is-layout-flow\">\n<p><strong>Director<\/strong> Patricio Vidal Merino<\/p>\n\n\n\n<p><strong>Profesi\u00f3n<\/strong> Asistente Social<\/p>\n\n\n\n<i class=\"fa fa-envelope \" ><\/i>  <a href=\"mailto:pvidal@padrelascasas.cl\" class=\"ek-link\">pvidal@padrelascasas.cl<\/a><\/p>\n\n\n\n<i class=\"fa fa-phone \" ><\/i>  452590141<\/p>\n<\/div>\n\n\n\n<div class=\"wp-block-column is-layout-flow wp-block-column-is-layout-flow\">\n<p><strong>Asesora<\/strong> Macarena Urrea Ferrada<\/p>\n\n\n\n<i class=\"fa fa-envelope \" ><\/i>  <a href=\"mailto:secretaria.administracion@padrelascasas.cl\" class=\"ek-link\">secretaria.administracion@padrelascasas.cl<\/a><\/p>\n\n\n\n<i class=\"fa fa-phone \" ><\/i> 452590141<\/p>\n<\/div>\n<\/div>\n\n\n\n<p class=\"has-very-light-gray-color has-vivid-cyan-blue-background-color has-text-color has-background\"><strong>Descripci\u00f3n Direcci\u00f3n<\/strong><\/p>\n\n\n\n<p class=\"has-text-align-justify\">Administraci\u00f3n Municipal es responsable de la gerencia y administraci\u00f3n coordinada de todas las direcciones y unidades administrativas municipales. Le corresponde supervisar el cumplimiento efectivo de las funciones, objetivos y metas de cada Direcci\u00f3n de conformidad a la Ley Org\u00e1nica y Reglamento Interno Municipal.<\/p>\n\n\n\n<hr class=\"wp-block-separator has-css-opacity is-style-wide\"\/>\n\n\n\n<div class=\"su-spoiler su-spoiler-style-default su-spoiler-icon-plus su-spoiler-closed\" data-scroll-offset=\"0\" data-anchor-in-url=\"no\"><div class=\"su-spoiler-title\" tabindex=\"0\" role=\"button\"><span class=\"su-spoiler-icon\"><\/span>Funciones Generales<\/div><div class=\"su-spoiler-content su-u-clearfix su-u-trim\">\n\n\n\n<ol class=\"wp-block-list\" type=\"a\">\n<li>Colaborar con el Alcalde en las tareas de coordinaci\u00f3n y gesti\u00f3n permanente de todas las unidades municipales, de acuerdo a las instrucciones que aqu\u00e9l le imparta.<\/li>\n\n\n\n<li>Elaboraci\u00f3n y seguimiento del Plan Anual de Acci\u00f3n Municipal.<\/li>\n\n\n\n<li>Ejercer las atribuciones que le delegue expresamente el Alcalde, en conformidad con la ley, y las dem\u00e1s funciones que se le encomiendan en este reglamento, siempre que est\u00e9n vinculadas con la naturaleza de su cargo.<\/li>\n<\/ol>\n\n\n\n<\/div><\/div><div class=\"su-accordion su-u-trim\"><\/div> <div class=\"su-spoiler su-spoiler-style-default su-spoiler-icon-plus su-spoiler-closed\" data-scroll-offset=\"0\" data-anchor-in-url=\"no\"><div class=\"su-spoiler-title\" tabindex=\"0\" role=\"button\"><span class=\"su-spoiler-icon\"><\/span>Funciones espec\u00edficas<\/div><div class=\"su-spoiler-content su-u-clearfix su-u-trim\">\n\n\n\n<ol class=\"wp-block-list\" type=\"a\">\n<li>Presidir, coordinar y convocar para el funcionamiento del municipio, al Cuerpo Directivo; Comit\u00e9 Comunal de Emergencia y otros Comit\u00e9s de car\u00e1cter t\u00e9cnico y administrativo que se creen para el mejoramiento de la gesti\u00f3n.<\/li>\n\n\n\n<li>Adoptar las providencias necesarias para el adecuado cumplimiento de las pol\u00edticas, planes, programas y proyectos municipales que se relacionen con la gesti\u00f3n del Municipio;<\/li>\n\n\n\n<li>Colaborar con las unidades correspondientes en la preparaci\u00f3n y elaboraci\u00f3n de los instrumentos de gesti\u00f3n municipal, y formulaci\u00f3n de pol\u00edticas de gesti\u00f3n interna y externa.<\/li>\n\n\n\n<li>Realizar labores de articulaci\u00f3n de equipos de trabajo, y participar en la elaboraci\u00f3n de los Planes de Capacitaci\u00f3n del Personal.<\/li>\n\n\n\n<li>Analizar las instrucciones, reglamentos, manuales de organizaci\u00f3n, planes de trabajo por Direcci\u00f3n, procedimientos y descripci\u00f3n de cargos adscritos, a fin de comprobar su utilidad y actualizaci\u00f3n, de acuerdo a la normativa vigente. En caso de no contar con estos instrumentos, deber\u00e1 dirigir y supervisar su elaboraci\u00f3n por las unidades respectivas.<\/li>\n\n\n\n<li>Coordinar las acciones para el cumplimiento de las funciones de la estructura organizacional y los futuros cambios y ajustes que \u00e9sta requiera.<\/li>\n\n\n\n<li>Proponer y programar en coordinaci\u00f3n con otras unidades municipales, las inversiones necesarias para la adecuada gesti\u00f3n municipal, as\u00ed como los gastos de operaci\u00f3n.<\/li>\n<\/ol>\n\n\n\n<ol class=\"wp-block-list\" type=\"a\" start=\"8\">\n<li>Establecer y mantener una estructura de comunicaciones y coordinaci\u00f3n interna que vele por el buen funcionamiento institucional.<\/li>\n\n\n\n<li>Colaborar en la planificaci\u00f3n y coordinaci\u00f3n con otras unidades municipales, medidas tendientes a prevenir riesgos y solucionar problemas derivados de una situaci\u00f3n de emergencia.<\/li>\n\n\n\n<li>Coordinar y dirigir la elaboraci\u00f3n y cumplimiento del plan anual de compras de la Municipalidad, y velar por su permanente actualizaci\u00f3n, seg\u00fan las necesidades municipales.<\/li>\n\n\n\n<li>Coordinar las acciones necesarias que permitan una adecuada aplicaci\u00f3n de la Ley 16.744, sobre Enfermedades Profesionales y Accidentes del Trabajo.<\/li>\n\n\n\n<li>Coordinar con el Departamento de Finanzas, el proceso de remate de los bienes muebles de propiedad municipal que sean dados de baja, cuando corresponda.<\/li>\n\n\n\n<li>Autorizar las solicitudes de pedidos, siempre y cuando exista un Decreto Alcaldicio que le delegue la firma para tal efecto.<\/li>\n\n\n\n<li>Autorizar los cometidos funcionarios y comisiones de servicios del personal municipal, previa visaci\u00f3n del director responsable.<\/div><\/div><\/li>\n<\/ol>\n\n\n\n<div class=\"su-accordion su-u-trim\"><\/div><div class=\"su-spoiler su-spoiler-style-default su-spoiler-icon-plus su-spoiler-closed\" data-scroll-offset=\"0\" data-anchor-in-url=\"no\"><div class=\"su-spoiler-title\" tabindex=\"0\" role=\"button\"><span class=\"su-spoiler-icon\"><\/span>Oficinas o Departamentos<\/div><div class=\"su-spoiler-content su-u-clearfix su-u-trim\"> <\/p>\n\n\n\n<p class=\"has-very-light-gray-color has-vivid-cyan-blue-background-color has-text-color has-background\"><strong>Delegaci\u00f3n San Ram\u00f3n<\/strong><\/p>\n\n\n\n<hr class=\"wp-block-separator has-css-opacity is-style-wide\"\/>\n\n\n\n<p><strong>Descripci\u00f3n<\/strong><\/p>\n\n\n\n<p class=\"has-text-align-justify\">Creada con el fin de acercar los servicios municipales de mayor demanda b\u00e1sica de la poblaci\u00f3n rural de la localidad, recepcionar solicitudes y generar operativos dirigidos a toda la comunidad. Promover los servicios municipales y estatales.<\/p>\n\n\n\n<p><strong>Funciones<\/strong><\/p>\n\n\n\n<p class=\"has-text-align-justify\">Atender a la comunidad proveniente de los sectores de Puente Quepe, Sector Huichahue, Tres Chorrillos, Coipolafqu\u00e9n, San Ram\u00f3n y sus alrededores.<\/p>\n\n\n\n<p class=\"has-very-light-gray-color has-vivid-cyan-blue-background-color has-text-color has-background\"><strong>Funciones espec\u00edficas<\/strong><\/p>\n\n\n\n<ul class=\"wp-block-list\">\n<li>a. Apoyo Log\u00edstico y Administraci\u00f3n<\/li>\n\n\n\n<li>b. Recepcionar Solicitud de Estanques y Agua en Camiones Aljibes<\/li>\n\n\n\n<li>c. Recepcionar Solicitud de Arreglos de Caminos<\/li>\n\n\n\n<li>d. Acercar los Servicios Municipales a la Comunidad<\/li>\n\n\n\n<li>e. Prestar Asesor\u00eda a los Dirigentes Vecinales<\/li>\n\n\n\n<li>f. Direccionar las Solicitudes de la Poblaci\u00f3n en temas del \u00c1mbito Municipal<\/li>\n\n\n\n<li>g. Coordinar Actividades para la comunidad<\/li>\n\n\n\n<li>h. Informar sobre Servicios y Programas Municipales<\/li>\n\n\n\n<li>i. Contribuir a Coordinar los esfuerzos Municipales en temas relacionados con la Comunidad de San Ram\u00f3n.<\/li>\n<\/ul>\n\n\n\n<p><strong>Ubicaci\u00f3n<\/strong><\/p>\n\n\n\n<p>La Ilusi\u00f3n N\u00ba 411, Villa El Ed\u00e9n, Sector San Ram\u00f3n, Padre las Casas<\/p>\n\n\n\n<p><strong>Horario de Atenci\u00f3n<\/strong><\/p>\n\n\n\n<p>Lunes a jueves de 09:00 a 12:45 hrs. y de 15:00 a 17:30 hrs.<\/p>\n\n\n\n<p>Viernes de 09:00 a 12:45 hrs. y de 15:00 a 16:30 hrs.<\/p>\n\n\n\n<hr class=\"wp-block-separator has-css-opacity is-style-wide\"\/>\n\n\n\n<p><strong>Encargado(a) <\/strong>Mar\u00eda Cayupi Coll\u00edo<\/p>\n\n\n\n<i class=\"fa fa-envelope \" ><\/i> mcayupi@padrelascasas.cl<\/p>\n\n\n\n<i class=\"fa fa-phone \" ><\/i> 452923648<\/p>\n\n\n\n<hr class=\"wp-block-separator has-css-opacity is-style-wide\"\/>\n\n\n\n<p class=\"has-very-light-gray-color has-vivid-cyan-blue-background-color has-text-color has-background\"><strong>Delegaci\u00f3n Metrenco<\/strong><\/p>\n\n\n\n<p><strong>Descripci\u00f3n<\/strong><\/p>\n\n\n\n<p class=\"has-text-align-justify\">Creada con el fin de acercar los servicios municipales de mayor demanda b\u00e1sica de la poblaci\u00f3n rural de la localidad, recepcionar solicitudes y generar operativos dirigidos a toda la comunidad. Promover los servicios municipales y estatales.<\/p>\n\n\n\n<p><strong>Funciones<\/strong><\/p>\n\n\n\n<p class=\"has-text-align-justify\">Atender a la comunidad proveniente de los sectores de Metrenco Centro, Huitramalal, Rofue, Licanco, Repocura, Codihue, Pichi Quepe, Cunco Chico, Illaf, Cerro Loncoche y Renaco bajo.<\/p>\n\n\n\n<p class=\"has-very-light-gray-color has-vivid-cyan-blue-background-color has-text-color has-background\"><strong>Funciones Espec\u00edficas<\/strong><\/p>\n\n\n\n<ul class=\"wp-block-list\">\n<li>a. Canalizar las demandas sociales de los habitantes de la localidad rural de Metrenco.<\/li>\n\n\n\n<li>b. Promover las iniciativas de desarrollos productivos y culturales de los habitantes de la localidad.<\/li>\n\n\n\n<li>c. Facilitar los medios necesarios a los usuarios, usuarias u\/o quien lo requiera, con el fin de colaborar en el desarrollo sociocultural de cada habitante de la localidad.<\/li>\n\n\n\n<li>d. Potenciar los derechos ind\u00edgenas, estipulados en la ley 19.253 y del convenio de la OIT N\u00b0 169 y a su vez los derechos del ni\u00f1o en coordinaci\u00f3n con la OPD de Padre las casas.<\/li>\n<\/ul>\n\n\n\n<p><strong>Ubicaci\u00f3n<\/strong><\/p>\n\n\n\n<p>Panamericana 5 sur km 12, detr\u00e1s Ex Internado Escuela Metrenco F 471<\/p>\n\n\n\n<p><strong>Horario de Atenci\u00f3n<\/strong><\/p>\n\n\n\n<p>Lunes a viernes de 09:00 a 13:00 hrs. y de 15:00 a 16:00 hrs.<\/p>\n\n\n\n<p><strong>Encargado(a) <\/strong>Rodrigo Millanao Cheuquepal<\/p>\n\n\n\n<i class=\"fa fa-envelope \" ><\/i> rmillanao@padrelascasas.cl<\/p>\n\n\n\n<i class=\"fa fa-phone \" ><\/i> +56961251931<\/p>\n\n\n\n<p> <\/div><\/div>\n","protected":false},"excerpt":{"rendered":"<p>Director Patricio Vidal Merino Profesi\u00f3n Asistente Social pvidal@padrelascasas.cl 452590141 Asesora Macarena Urrea Ferrada secretaria.administracion@padrelascasas.cl 452590141 Descripci\u00f3n Direcci\u00f3n Administraci\u00f3n Municipal es responsable de la gerencia y administraci\u00f3n coordinada de todas las direcciones y unidades administrativas municipales. Le corresponde supervisar el cumplimiento efectivo de las funciones, objetivos y metas de cada Direcci\u00f3n de conformidad a la Ley [&hellip;]<\/p>\n","protected":false},"author":1,"featured_media":6940,"parent":0,"menu_order":0,"comment_status":"closed","ping_status":"closed","template":"page-direcciones.php","meta":{"pgc_sgb_lightbox_settings":"","footnotes":""},"class_list":["post-114","page","type-page","status-publish","has-post-thumbnail","hentry"],"_links":{"self":[{"href":"https:\/\/padrelascasas.cl\/newplc\/wp-json\/wp\/v2\/pages\/114","targetHints":{"allow":["GET"]}}],"collection":[{"href":"https:\/\/padrelascasas.cl\/newplc\/wp-json\/wp\/v2\/pages"}],"about":[{"href":"https:\/\/padrelascasas.cl\/newplc\/wp-json\/wp\/v2\/types\/page"}],"author":[{"embeddable":true,"href":"https:\/\/padrelascasas.cl\/newplc\/wp-json\/wp\/v2\/users\/1"}],"replies":[{"embeddable":true,"href":"https:\/\/padrelascasas.cl\/newplc\/wp-json\/wp\/v2\/comments?post=114"}],"version-history":[{"count":0,"href":"https:\/\/padrelascasas.cl\/newplc\/wp-json\/wp\/v2\/pages\/114\/revisions"}],"wp:featuredmedia":[{"embeddable":true,"href":"https:\/\/padrelascasas.cl\/newplc\/wp-json\/wp\/v2\/media\/6940"}],"wp:attachment":[{"href":"https:\/\/padrelascasas.cl\/newplc\/wp-json\/wp\/v2\/media?parent=114"}],"curies":[{"name":"wp","href":"https:\/\/api.w.org\/{rel}","templated":true}]}}

Administración Municipal

<div class="wp-block-columns is-layout-flex wp-container-core-columns-is-layout-1 wp-block-columns-is-layout-flex">
<div class="wp-block-column is-layout-flow wp-block-column-is-layout-flow">
<p><strong>Director</strong> Patricio Vidal Merino</p>



<p><strong>Profesión</strong> Asistente Social</p>



<i class="fa fa-envelope " ></i>  <a href="mailto:pvidal@padrelascasas.cl" class="ek-link">pvidal@padrelascasas.cl</a></p>



<i class="fa fa-phone " ></i>  452590141</p>
</div>



<div class="wp-block-column is-layout-flow wp-block-column-is-layout-flow">
<p><strong>Asesora</strong> Macarena Urrea Ferrada</p>



<i class="fa fa-envelope " ></i>  <a href="mailto:secretaria.administracion@padrelascasas.cl" class="ek-link">secretaria.administracion@padrelascasas.cl</a></p>



<i class="fa fa-phone " ></i> 452590141</p>
</div>
</div>



<p class="has-very-light-gray-color has-vivid-cyan-blue-background-color has-text-color has-background"><strong>Descripción Dirección</strong></p>



<p class="has-text-align-justify">Administración Municipal es responsable de la gerencia y administración coordinada de todas las direcciones y unidades administrativas municipales. Le corresponde supervisar el cumplimiento efectivo de las funciones, objetivos y metas de cada Dirección de conformidad a la Ley Orgánica y Reglamento Interno Municipal.</p>



<hr class="wp-block-separator has-css-opacity is-style-wide"/>



<div class="su-spoiler su-spoiler-style-default su-spoiler-icon-plus su-spoiler-closed" data-scroll-offset="0" data-anchor-in-url="no"><div class="su-spoiler-title" tabindex="0" role="button"><span class="su-spoiler-icon"></span>Funciones Generales</div><div class="su-spoiler-content su-u-clearfix su-u-trim">



<ol class="wp-block-list" type="a">
<li>Colaborar con el Alcalde en las tareas de coordinación y gestión permanente de todas las unidades municipales, de acuerdo a las instrucciones que aquél le imparta.</li>



<li>Elaboración y seguimiento del Plan Anual de Acción Municipal.</li>



<li>Ejercer las atribuciones que le delegue expresamente el Alcalde, en conformidad con la ley, y las demás funciones que se le encomiendan en este reglamento, siempre que estén vinculadas con la naturaleza de su cargo.</li>
</ol>



</div></div><div class="su-accordion su-u-trim"></div> <div class="su-spoiler su-spoiler-style-default su-spoiler-icon-plus su-spoiler-closed" data-scroll-offset="0" data-anchor-in-url="no"><div class="su-spoiler-title" tabindex="0" role="button"><span class="su-spoiler-icon"></span>Funciones específicas</div><div class="su-spoiler-content su-u-clearfix su-u-trim">



<ol class="wp-block-list" type="a">
<li>Presidir, coordinar y convocar para el funcionamiento del municipio, al Cuerpo Directivo; Comité Comunal de Emergencia y otros Comités de carácter técnico y administrativo que se creen para el mejoramiento de la gestión.</li>



<li>Adoptar las providencias necesarias para el adecuado cumplimiento de las políticas, planes, programas y proyectos municipales que se relacionen con la gestión del Municipio;</li>



<li>Colaborar con las unidades correspondientes en la preparación y elaboración de los instrumentos de gestión municipal, y formulación de políticas de gestión interna y externa.</li>



<li>Realizar labores de articulación de equipos de trabajo, y participar en la elaboración de los Planes de Capacitación del Personal.</li>



<li>Analizar las instrucciones, reglamentos, manuales de organización, planes de trabajo por Dirección, procedimientos y descripción de cargos adscritos, a fin de comprobar su utilidad y actualización, de acuerdo a la normativa vigente. En caso de no contar con estos instrumentos, deberá dirigir y supervisar su elaboración por las unidades respectivas.</li>



<li>Coordinar las acciones para el cumplimiento de las funciones de la estructura organizacional y los futuros cambios y ajustes que ésta requiera.</li>



<li>Proponer y programar en coordinación con otras unidades municipales, las inversiones necesarias para la adecuada gestión municipal, así como los gastos de operación.</li>
</ol>



<ol class="wp-block-list" type="a" start="8">
<li>Establecer y mantener una estructura de comunicaciones y coordinación interna que vele por el buen funcionamiento institucional.</li>



<li>Colaborar en la planificación y coordinación con otras unidades municipales, medidas tendientes a prevenir riesgos y solucionar problemas derivados de una situación de emergencia.</li>



<li>Coordinar y dirigir la elaboración y cumplimiento del plan anual de compras de la Municipalidad, y velar por su permanente actualización, según las necesidades municipales.</li>



<li>Coordinar las acciones necesarias que permitan una adecuada aplicación de la Ley 16.744, sobre Enfermedades Profesionales y Accidentes del Trabajo.</li>



<li>Coordinar con el Departamento de Finanzas, el proceso de remate de los bienes muebles de propiedad municipal que sean dados de baja, cuando corresponda.</li>



<li>Autorizar las solicitudes de pedidos, siempre y cuando exista un Decreto Alcaldicio que le delegue la firma para tal efecto.</li>



<li>Autorizar los cometidos funcionarios y comisiones de servicios del personal municipal, previa visación del director responsable.</div></div></li>
</ol>



<div class="su-accordion su-u-trim"></div><div class="su-spoiler su-spoiler-style-default su-spoiler-icon-plus su-spoiler-closed" data-scroll-offset="0" data-anchor-in-url="no"><div class="su-spoiler-title" tabindex="0" role="button"><span class="su-spoiler-icon"></span>Oficinas o Departamentos</div><div class="su-spoiler-content su-u-clearfix su-u-trim"> </p>



<p class="has-very-light-gray-color has-vivid-cyan-blue-background-color has-text-color has-background"><strong>Delegación San Ramón</strong></p>



<hr class="wp-block-separator has-css-opacity is-style-wide"/>



<p><strong>Descripción</strong></p>



<p class="has-text-align-justify">Creada con el fin de acercar los servicios municipales de mayor demanda básica de la población rural de la localidad, recepcionar solicitudes y generar operativos dirigidos a toda la comunidad. Promover los servicios municipales y estatales.</p>



<p><strong>Funciones</strong></p>



<p class="has-text-align-justify">Atender a la comunidad proveniente de los sectores de Puente Quepe, Sector Huichahue, Tres Chorrillos, Coipolafquén, San Ramón y sus alrededores.</p>



<p class="has-very-light-gray-color has-vivid-cyan-blue-background-color has-text-color has-background"><strong>Funciones específicas</strong></p>



<ul class="wp-block-list">
<li>a. Apoyo Logístico y Administración</li>



<li>b. Recepcionar Solicitud de Estanques y Agua en Camiones Aljibes</li>



<li>c. Recepcionar Solicitud de Arreglos de Caminos</li>



<li>d. Acercar los Servicios Municipales a la Comunidad</li>



<li>e. Prestar Asesoría a los Dirigentes Vecinales</li>



<li>f. Direccionar las Solicitudes de la Población en temas del Ámbito Municipal</li>



<li>g. Coordinar Actividades para la comunidad</li>



<li>h. Informar sobre Servicios y Programas Municipales</li>



<li>i. Contribuir a Coordinar los esfuerzos Municipales en temas relacionados con la Comunidad de San Ramón.</li>
</ul>



<p><strong>Ubicación</strong></p>



<p>La Ilusión Nº 411, Villa El Edén, Sector San Ramón, Padre las Casas</p>



<p><strong>Horario de Atención</strong></p>



<p>Lunes a jueves de 09:00 a 12:45 hrs. y de 15:00 a 17:30 hrs.</p>



<p>Viernes de 09:00 a 12:45 hrs. y de 15:00 a 16:30 hrs.</p>



<hr class="wp-block-separator has-css-opacity is-style-wide"/>



<p><strong>Encargado(a) </strong>María Cayupi Collío</p>



<i class="fa fa-envelope " ></i> mcayupi@padrelascasas.cl</p>



<i class="fa fa-phone " ></i> 452923648</p>



<hr class="wp-block-separator has-css-opacity is-style-wide"/>



<p class="has-very-light-gray-color has-vivid-cyan-blue-background-color has-text-color has-background"><strong>Delegación Metrenco</strong></p>



<p><strong>Descripción</strong></p>



<p class="has-text-align-justify">Creada con el fin de acercar los servicios municipales de mayor demanda básica de la población rural de la localidad, recepcionar solicitudes y generar operativos dirigidos a toda la comunidad. Promover los servicios municipales y estatales.</p>



<p><strong>Funciones</strong></p>



<p class="has-text-align-justify">Atender a la comunidad proveniente de los sectores de Metrenco Centro, Huitramalal, Rofue, Licanco, Repocura, Codihue, Pichi Quepe, Cunco Chico, Illaf, Cerro Loncoche y Renaco bajo.</p>



<p class="has-very-light-gray-color has-vivid-cyan-blue-background-color has-text-color has-background"><strong>Funciones Específicas</strong></p>



<ul class="wp-block-list">
<li>a. Canalizar las demandas sociales de los habitantes de la localidad rural de Metrenco.</li>



<li>b. Promover las iniciativas de desarrollos productivos y culturales de los habitantes de la localidad.</li>



<li>c. Facilitar los medios necesarios a los usuarios, usuarias u/o quien lo requiera, con el fin de colaborar en el desarrollo sociocultural de cada habitante de la localidad.</li>



<li>d. Potenciar los derechos indígenas, estipulados en la ley 19.253 y del convenio de la OIT N° 169 y a su vez los derechos del niño en coordinación con la OPD de Padre las casas.</li>
</ul>



<p><strong>Ubicación</strong></p>



<p>Panamericana 5 sur km 12, detrás Ex Internado Escuela Metrenco F 471</p>



<p><strong>Horario de Atención</strong></p>



<p>Lunes a viernes de 09:00 a 13:00 hrs. y de 15:00 a 16:00 hrs.</p>



<p><strong>Encargado(a) </strong>Rodrigo Millanao Cheuquepal</p>



<i class="fa fa-envelope " ></i> rmillanao@padrelascasas.cl</p>



<i class="fa fa-phone " ></i> +56961251931</p>



<p> </div></div>

<p>Director Patricio Vidal Merino Profesión Asistente Social pvidal@padrelascasas.cl 452590141 Asesora Macarena Urrea Ferrada secretaria.administracion@padrelascasas.cl 452590141 Descripción Dirección Administración Municipal es responsable de la gerencia y administración coordinada de todas las direcciones y unidades administrativas municipales. Le corresponde supervisar el cumplimiento efectivo de las funciones, objetivos y metas de cada Dirección de conformidad a la Ley [&hellip;]</p>
