{"id":126,"date":"2020-06-03T03:29:42","date_gmt":"2020-06-03T06:29:42","guid":{"rendered":"http:\/\/www.padrelascasas.cl\/newplc\/?page_id=126"},"modified":"2025-04-25T10:23:07","modified_gmt":"2025-04-25T13:23:07","slug":"direccion-de-obras-municipales","status":"publish","type":"page","link":"https:\/\/padrelascasas.cl\/newplc\/direccion-de-obras-municipales\/","title":{"rendered":"Direcci\u00f3n de Obras Municipales"},"content":{"rendered":"\n<div class=\"wp-block-columns is-layout-flex wp-container-core-columns-is-layout-1 wp-block-columns-is-layout-flex\">\n<div class=\"wp-block-column is-layout-flow wp-block-column-is-layout-flow\">\n<p><strong>Director<\/strong> Nicolas Sosa Narvaez<\/p>\n\n\n\n<p><strong>Profesi\u00f3n<\/strong> Arquitecto<\/p>\n\n\n\n<i class=\"fa fa-envelope \" ><\/i>  <a href=\"mailto:nsosa@padrelascasas.cl\">nsosa@padrelascasas.cl<\/a><\/p>\n\n\n\n<i class=\"fa fa-phone \" ><\/i>  452590090<\/p>\n<\/div>\n\n\n\n<div class=\"wp-block-column is-layout-flow wp-block-column-is-layout-flow\">\n<p><strong>Secretaria<\/strong> Adela Curaqueo Loncon<\/p>\n\n\n\n<i class=\"fa fa-envelope \" ><\/i>  secretaria.obras@padrelascasas.cl<\/p>\n\n\n\n<i class=\"fa fa-phone \" ><\/i> 452590091<\/p>\n<\/div>\n<\/div>\n\n\n\n<p class=\"has-very-light-gray-color has-vivid-cyan-blue-background-color has-text-color has-background\"><strong>Descripci\u00f3n Direcci\u00f3n<\/strong><\/p>\n\n\n\n<p>La Direcci\u00f3n de Obras Municipales es la unidad que tiene a su cargo las siguientes funciones:<\/p>\n\n\n\n<p>a. Velar por el cumplimiento de las disposiciones de la Ley General de Urbanismo y Construcciones, del Plan Regulador Comunal y de las ordenanzas correspondientes, para cuyo efecto dispondr\u00e1&nbsp; de las siguientes atribuciones espec\u00edficas:<\/p>\n\n\n\n<ol class=\"wp-block-list\"><li>Dar aprobaci\u00f3n a las subdivisiones de predios urbanos y urbano \u2013 rurales.<\/li><li>Dar aprobaci\u00f3n a los proyectos de obras de urbanizaci\u00f3n y construcci\u00f3n.<\/li><li>Otorgar los permisos de edificaci\u00f3n de las obras se\u00f1aladas en el n\u00famero anterior.<\/li><li>Fiscalizar la ejecuci\u00f3n de dichas obras hasta el momento de su recepci\u00f3n, y<\/li><li>Recibirse de las obras ya citadas y autorizar su uso.<\/li><li>Remitir oportunamente a la unidad jur\u00eddica, los antecedentes correspondientes a los terrenos que se destinen de acuerdo a la Ley de Urbanismo y Construcciones, para el dominio municipal; tales como \u00e1reas verdes y equipamiento comunitario.&nbsp;<\/li><\/ol>\n\n\n\n<p>a) Fiscalizar las obras en uso, a fin de verificar el cumplimiento de las disposiciones legales y t\u00e9cnicas que las rijan;<\/p>\n\n\n\n<ul class=\"wp-block-list\"><li>Aplicar normas ambientales relacionadas con obras de construcci\u00f3n y urbanizaci\u00f3n;<\/li><li>Confeccionar y mantener actualizado el catastro de las obras de urbanizaci\u00f3n y edificaci\u00f3n realizadas en la comuna;<\/li><li>Dirigir las construcciones que sean de responsabilidad municipal, sean ejecutadas directamente o a trav\u00e9s de terceros;<\/li><li>En general, cumplir con las normas legales sobre construcci\u00f3n y urbanizaci\u00f3n en la comuna.<\/li><\/ul>\n\n\n\n<p>Al Director de Obras Municipales le corresponder\u00e1n las siguientes funciones espec\u00edficas, por mandato de la Ley General de Urbanismo y Construcciones.<\/p>\n\n\n\n<ul class=\"wp-block-list\"><li>Estudiar los antecedentes, dar los permisos de ejecuci\u00f3n de obras, conocer de los reclamos durante las faenas y dar recepci\u00f3n final de ellas, todo de acuerdo a las disposiciones sobre construcci\u00f3n contempladas en esta ley, la Ordenanza General, los Planes Reguladores, sus Ordenanzas Locales y las Normas y Reglamentos respectivos aprobados por el Ministerio de la Vivienda y Urbanismo;<\/li><li>Dirigir las construcciones municipales que ejecute directamente el Municipio, y supervigilar estas construcciones cuando se contraten con terceros.<\/li><\/ul>\n\n\n\n<p>En ausencia del Director de Obras, y de quien le subrogue legalmente, los permisos ser\u00e1n otorgados por la Secretar\u00eda Regional correspondiente del Ministerio de la Vivienda y Urbanismo. En estos casos, la Municipalidad s\u00f3lo cobrar\u00e1 el 50% de los derechos correspondientes, (Art. 11 de la Ley General de Urbanismo y Construcciones).<\/p>\n\n\n\n<p>Para el cumplimiento de sus funciones, la Direcci\u00f3n de Obras dispondr\u00e1 de:<\/p>\n\n\n\n<ul class=\"wp-block-list\"><li>Departamento de Ejecuci\u00f3n de Obras,<\/li><li>Departamento de Edificaci\u00f3n,<\/li><li>Urbanizaci\u00f3n e Inspecci\u00f3n,<\/li><\/ul>\n\n\n\n<p><br>Direcci\u00f3n: Calle Maquehue 1441, Edificio Consistorial \u2013 Padre Las Casas<\/p>\n\n\n\n<hr class=\"wp-block-separator has-alpha-channel-opacity\"\/>\n\n\n\n<p class=\"has-very-light-gray-color has-vivid-cyan-blue-background-color has-text-color has-background\"><strong>Departamento Vialidad Rural<\/strong><\/p>\n\n\n\n<p><strong>Descripci\u00f3n<\/strong><\/p>\n\n\n\n<p>Este departamento tiene como objetivo liderar, planificar y gestionar las actividades inherentes al mejoramiento de la conectividad rural de la comuna.<\/p>\n\n\n\n<p class=\"has-very-light-gray-color has-vivid-cyan-blue-background-color has-text-color has-background\"><strong>Funciones<\/strong><\/p>\n\n\n\n<ol class=\"wp-block-list\"><li>Recepcionar y gestionar las peticiones de la comunidad, de acuerdo al presupuesto designado al Departamento.<\/li><li>Mantener un sistema eficiente y capaz de responder oportunamente a las solicitudes de la comunidad.<\/li><li>Realizar visitas a terreno para evaluar las peticiones de la comunidad y supervisar la correcta ejecuci\u00f3n de los trabajos.<\/li><li>Gestionar, coordinar y supervisar las actividades designadas al personal a su cargo, para mejorar o reparar caminos rurales.<\/li><li>Planificar, coordinar y ejecutar eficientemente el presupuesto asignado anualmente al Departamento.<\/li><li>Gestionar recursos con otras instituciones p\u00fablicas para la ejecuci\u00f3n de tareas que lo requieran.<\/li><li>Velar que las contrataciones y ejecuci\u00f3n de servicios propios de su unidad se ajusten a la legalidad y cumplan los requisitos t\u00e9cnicos necesarios.<\/li><li>Manejar herramientas administrativas para postulaci\u00f3n a recursos externos.<\/li><li>Supervisar servicios externos contratados por el Departamento.<\/li><li>Elaborar y gestionar bases de licitaci\u00f3n para la adquisici\u00f3n de bienes y servicios de la unidad.<\/li><li>Colaborar con otras unidades municipales y prestar apoyo en situaciones de emergencia a petici\u00f3n de las unidades que lo requieran.<\/li><li>Gestionar y coordinar reuniones con entidades externas, organizaciones comunitarias y comunidades ind\u00edgenas en materias relacionadas con la Unidad.<\/li><li>Otras tareas designadas por su superior directo.<\/li><\/ol>\n\n\n\n<p><strong>Ubicaci\u00f3n<\/strong><\/p>\n\n\n\n<p>Las \u00c1guilas, casa N\u00b03, Aldeas SOS<\/p>\n\n\n\n<p><strong>Horario de Atenci\u00f3n<\/strong><\/p>\n\n\n\n<p>Lunes a viernes de 08:30 a 13:00 hrs.<\/p>\n\n\n\n<p><strong>Encargado(a) <\/strong>Patricia Neira Riquelme<\/p>\n\n\n\n<i class=\"fa fa-envelope \" ><\/i> pneira@padrelascasas.cl<\/p>\n\n\n\n<i class=\"fa fa-phone \" ><\/i> 452590159<\/p>\n\n\n\n<hr class=\"wp-block-separator has-alpha-channel-opacity\"\/>\n\n\n\n<p><\/p>\n","protected":false},"excerpt":{"rendered":"<p>Director Nicolas Sosa Narvaez Profesi\u00f3n Arquitecto nsosa@padrelascasas.cl 452590090 Secretaria Adela Curaqueo Loncon secretaria.obras@padrelascasas.cl 452590091 Descripci\u00f3n Direcci\u00f3n La Direcci\u00f3n de Obras Municipales es la unidad que tiene a su cargo las siguientes funciones: a. Velar por el cumplimiento de las disposiciones de la Ley General de Urbanismo y Construcciones, del Plan Regulador Comunal y de las [&hellip;]<\/p>\n","protected":false},"author":1,"featured_media":11306,"parent":0,"menu_order":0,"comment_status":"closed","ping_status":"closed","template":"page-direcciones.php","meta":{"pgc_sgb_lightbox_settings":"","footnotes":""},"class_list":["post-126","page","type-page","status-publish","has-post-thumbnail","hentry"],"_links":{"self":[{"href":"https:\/\/padrelascasas.cl\/newplc\/wp-json\/wp\/v2\/pages\/126","targetHints":{"allow":["GET"]}}],"collection":[{"href":"https:\/\/padrelascasas.cl\/newplc\/wp-json\/wp\/v2\/pages"}],"about":[{"href":"https:\/\/padrelascasas.cl\/newplc\/wp-json\/wp\/v2\/types\/page"}],"author":[{"embeddable":true,"href":"https:\/\/padrelascasas.cl\/newplc\/wp-json\/wp\/v2\/users\/1"}],"replies":[{"embeddable":true,"href":"https:\/\/padrelascasas.cl\/newplc\/wp-json\/wp\/v2\/comments?post=126"}],"version-history":[{"count":1,"href":"https:\/\/padrelascasas.cl\/newplc\/wp-json\/wp\/v2\/pages\/126\/revisions"}],"predecessor-version":[{"id":11307,"href":"https:\/\/padrelascasas.cl\/newplc\/wp-json\/wp\/v2\/pages\/126\/revisions\/11307"}],"wp:featuredmedia":[{"embeddable":true,"href":"https:\/\/padrelascasas.cl\/newplc\/wp-json\/wp\/v2\/media\/11306"}],"wp:attachment":[{"href":"https:\/\/padrelascasas.cl\/newplc\/wp-json\/wp\/v2\/media?parent=126"}],"curies":[{"name":"wp","href":"https:\/\/api.w.org\/{rel}","templated":true}]}}