{"id":130,"date":"2020-06-03T03:29:57","date_gmt":"2020-06-03T06:29:57","guid":{"rendered":"http:\/\/www.padrelascasas.cl\/newplc\/?page_id=130"},"modified":"2025-04-25T10:20:03","modified_gmt":"2025-04-25T13:20:03","slug":"direccion-de-asesoria-juridica","status":"publish","type":"page","link":"https:\/\/padrelascasas.cl\/newplc\/direccion-de-asesoria-juridica\/","title":{"rendered":"Direcci\u00f3n de Asesor\u00eda Jur\u00eddica"},"content":{"rendered":"\n<div class=\"wp-block-columns is-layout-flex wp-container-core-columns-is-layout-1 wp-block-columns-is-layout-flex\">\n<div class=\"wp-block-column is-layout-flow wp-block-column-is-layout-flow\">\n<p><strong>Director<\/strong> Rodrigo Urra Escobar<\/p>\n\n\n\n<p><strong>Profesi\u00f3n<\/strong> Abogado<\/p>\n\n\n\n<i class=\"fa fa-envelope \" ><\/i>  <a href=\"mailto:rurra@padrelascasas.cl\">rurra@padrelascasas.cl<\/a><\/p>\n\n\n\n<i class=\"fa fa-phone \" ><\/i>  452590210<\/p>\n<\/div>\n\n\n\n<div class=\"wp-block-column is-layout-flow wp-block-column-is-layout-flow\">\n<p><strong>Secretaria<\/strong> Mar\u00eda Antonieta Truan Salazar<\/p>\n\n\n\n<i class=\"fa fa-envelope \" ><\/i>  mtruan@padrelascasas.cl<\/p>\n\n\n\n<i class=\"fa fa-phone \" ><\/i> 452590211<\/p>\n<\/div>\n<\/div>\n\n\n\n<p class=\"has-text-color has-background has-very-light-gray-color has-vivid-cyan-blue-background-color\"><strong>Descripci\u00f3n Direcci\u00f3n<\/strong><\/p>\n\n\n\n<p>Direcci\u00f3n de Asesor\u00eda Jur\u00eddica esta a cargo de un Director, que tiene por imperativo legal, la calidad de funcionario de la exclusiva confianza del Alcalde, tendr\u00e1 las siguientes funciones generales:<\/p>\n\n\n\n<ol class=\"wp-block-list\"><li>Prestar apoyo en materias legales al Alcalde y al Concejo.<\/li><li>A requerimiento del Alcalde, iniciar y defender los juicios en que la Municipalidad sea parte o tenga inter\u00e9s.<\/li><li>Prestar asesor\u00eda jur\u00eddica o defensa en relaci\u00f3n con los intereses de la comunidad, cuando sea procedente y el Alcalde as\u00ed lo determine.<\/li><li>Informar en derecho todos los asuntos legales que el Alcalde, el Concejo y las unidades municipales le planteen, para lo cual deber\u00e1 considerar adem\u00e1s la jurisprudencia de la Contralor\u00eda General de la Rep\u00fablica.<\/li><li>Orientar peri\u00f3dicamente a las unidades municipales, respecto de las nuevas disposiciones legales y reglamentarias pertinentes.<\/li><li>Dar forma y mantener al d\u00eda los t\u00edtulos de los bienes inmuebles municipales, como as\u00ed tambi\u00e9n la documentaci\u00f3n relativa a los veh\u00edculos de propiedad municipal.<\/li><li>Efectuar las investigaciones y sumarios administrativos cuando lo ordene el Alcalde, y ejercer la supervigilancia en la substanciaci\u00f3n de estos procedimientos cuando sean encargados a funcionarios de otras unidades.<\/li><li>Velar por la tramitaci\u00f3n final de los procesos sumariales, e informar al Departamento de Personal y Bienestar cuando la resoluci\u00f3n ha generado un documento a firme desde la primera autoridad administrativa.<\/li><li>Gestionar y redactar los proyectos de ordenanzas, reglamentos, instructivos, convenios, contratos y otros documentos que le encomiende el Alcalde, con la colaboraci\u00f3n de las unidades respectivas cuando corresponda.<\/li><li>Efectuar la cobranza judicial de impuestos, derechos, concesiones, arriendos e impuesto territorial; y supervisar esta labor, cuando corresponda, en caso de ser contratado los servicios en forma externa.<\/li><li>Realizar las gestiones necesarias para las expropiaciones de bienes inmuebles cuando corresponda, previa refrendaci\u00f3n presupuestaria.<\/li><li>Visar los decretos alcaldicios de compra y contrataci\u00f3n directa por excepci\u00f3n seg\u00fan la Ley N\u00ba 19.886 y su reglamento.<\/li><li>Otras funciones que la Ley se\u00f1ale o que la autoridad superior le asigne de conformidad a la legislaci\u00f3n y reglamentaci\u00f3n vigente.<\/li><\/ol>\n\n\n\n<p><br>Direcci\u00f3n: Calle Maquehue 1441, Edificio Consistorial \u2013 Padre Las Casas.<\/p>\n","protected":false},"excerpt":{"rendered":"<p>Director Rodrigo Urra Escobar Profesi\u00f3n Abogado rurra@padrelascasas.cl 452590210 Secretaria Mar\u00eda Antonieta Truan Salazar mtruan@padrelascasas.cl 452590211 Descripci\u00f3n Direcci\u00f3n Direcci\u00f3n de Asesor\u00eda Jur\u00eddica esta a cargo de un Director, que tiene por imperativo legal, la calidad de funcionario de la exclusiva confianza del Alcalde, tendr\u00e1 las siguientes funciones generales: Prestar apoyo en materias legales al Alcalde y [&hellip;]<\/p>\n","protected":false},"author":1,"featured_media":11300,"parent":0,"menu_order":0,"comment_status":"closed","ping_status":"closed","template":"page-direcciones.php","meta":{"pgc_sgb_lightbox_settings":"","footnotes":""},"class_list":["post-130","page","type-page","status-publish","has-post-thumbnail","hentry"],"_links":{"self":[{"href":"https:\/\/padrelascasas.cl\/newplc\/wp-json\/wp\/v2\/pages\/130","targetHints":{"allow":["GET"]}}],"collection":[{"href":"https:\/\/padrelascasas.cl\/newplc\/wp-json\/wp\/v2\/pages"}],"about":[{"href":"https:\/\/padrelascasas.cl\/newplc\/wp-json\/wp\/v2\/types\/page"}],"author":[{"embeddable":true,"href":"https:\/\/padrelascasas.cl\/newplc\/wp-json\/wp\/v2\/users\/1"}],"replies":[{"embeddable":true,"href":"https:\/\/padrelascasas.cl\/newplc\/wp-json\/wp\/v2\/comments?post=130"}],"version-history":[{"count":1,"href":"https:\/\/padrelascasas.cl\/newplc\/wp-json\/wp\/v2\/pages\/130\/revisions"}],"predecessor-version":[{"id":11301,"href":"https:\/\/padrelascasas.cl\/newplc\/wp-json\/wp\/v2\/pages\/130\/revisions\/11301"}],"wp:featuredmedia":[{"embeddable":true,"href":"https:\/\/padrelascasas.cl\/newplc\/wp-json\/wp\/v2\/media\/11300"}],"wp:attachment":[{"href":"https:\/\/padrelascasas.cl\/newplc\/wp-json\/wp\/v2\/media?parent=130"}],"curies":[{"name":"wp","href":"https:\/\/api.w.org\/{rel}","templated":true}]}}