{"id":1501,"date":"2020-08-28T00:22:54","date_gmt":"2020-08-28T03:22:54","guid":{"rendered":"http:\/\/www.padrelascasas.cl\/newplc\/?page_id=1501"},"modified":"2026-01-14T13:19:57","modified_gmt":"2026-01-14T16:19:57","slug":"departamento-de-salud-municipal","status":"publish","type":"page","link":"https:\/\/padrelascasas.cl\/newplc\/departamento-de-salud-municipal\/","title":{"rendered":"Departamento de Salud Municipal"},"content":{"rendered":"\n<div class=\"wp-block-columns is-layout-flex wp-container-core-columns-is-layout-1 wp-block-columns-is-layout-flex\">\n<div class=\"wp-block-column is-layout-flow wp-block-column-is-layout-flow\">\n<p><strong>Director<\/strong> Claudio Antonio Lagos Turrieta<\/p>\n\n\n\n<p><strong>Profesi\u00f3n<\/strong> Kinesi\u00f3logo<\/p>\n\n\n\n<i class=\"fa fa-envelope \" ><\/i>\n\n\n\n<p><a href=\"mailto:clagost@padrelascasas.cl\">clagost@padrelascasas.cl<\/a><\/p>\n\n\n\n<i class=\"fa fa-phone \" ><\/i>  452962200<\/p>\n<\/div>\n\n\n\n<div class=\"wp-block-column is-layout-flow wp-block-column-is-layout-flow\">\n<p><strong>Secretaria<\/strong> Lorena Aguilar Chacano<\/p>\n\n\n\n<i class=\"fa fa-envelope \" ><\/i>  secretaria.salud@padrelascasas.cl<\/p>\n\n\n\n<i class=\"fa fa-phone \" ><\/i> 452962200<\/p>\n<\/div>\n<\/div>\n\n\n\n<p class=\"has-very-light-gray-color has-vivid-cyan-blue-background-color has-text-color has-background\"><strong>Descripci\u00f3n Direcci\u00f3n<\/strong><\/p>\n\n\n\n<p>El Departamento de Salud Municipal tiene a su cargo la administraci\u00f3n y operaci\u00f3n de los establecimientos de Atenci\u00f3n Primaria debiendo velar por el buen funcionamiento de estos con el fin de dar cumplimiento a los objetivos que establece el Ministerio de Salud para la Atenci\u00f3n Primaria.<\/p>\n\n\n\n<div class=\"su-spoiler su-spoiler-style-default su-spoiler-icon-plus su-spoiler-closed\" data-scroll-offset=\"0\" data-anchor-in-url=\"no\"><div class=\"su-spoiler-title\" tabindex=\"0\" role=\"button\"><span class=\"su-spoiler-icon\"><\/span>Funciones Generales<\/div><div class=\"su-spoiler-content su-u-clearfix su-u-trim\">\n\n\n\n<ol style=\"list-style-type:lower-alpha\" class=\"wp-block-list\">\n<li>Asumir la Direcci\u00f3n Administrativa de los Establecimientos de Salud Municipal, en conformidad con las disposiciones legales vigentes.<\/li>\n\n\n\n<li>Proveer los recursos humanos, financieros y materiales necesarios para el normal funcionamiento de los servicios asistenciales y\/o entrega de las prestaciones que correspondan.<\/li>\n\n\n\n<li>Velar por el cumplimiento de las normas, planes y programas que imparte el Ministerio de Salud.<\/li>\n\n\n\n<li>Elaborar y desarrollar programas de higiene, como asimismo otros programas que tiendan a la prevenci\u00f3n, detecci\u00f3n y tratamiento de enfermedades de los habitantes de la Comuna, en coordinaci\u00f3n con Entidades privadas y con los Organismos del Ministerio de Salud que corresponda.<\/li>\n\n\n\n<li>Coordinar con otras Reparticiones Municipales, las acciones extraprogram\u00e1ticas que tengan relaci\u00f3n con la salud p\u00fablica dentro de las normas vigentes.<\/div><\/div><\/li>\n<\/ol>\n\n\n\n<div class=\"su-accordion su-u-trim\"><\/div><div class=\"su-spoiler su-spoiler-style-default su-spoiler-icon-plus su-spoiler-closed\" data-scroll-offset=\"0\" data-anchor-in-url=\"no\"><div class=\"su-spoiler-title\" tabindex=\"0\" role=\"button\"><span class=\"su-spoiler-icon\"><\/span>Oficinas o Departamentos<\/div><div class=\"su-spoiler-content su-u-clearfix su-u-trim\"> <\/p>\n\n\n\n<p class=\"has-very-light-gray-color has-vivid-cyan-blue-background-color has-text-color has-background\"><strong>Funciones de los CESFAM<\/strong><\/p>\n\n\n\n<p>Los CESFAM proporcionan cuidados b\u00e1sicos en salud, con acciones de promoci\u00f3n, prevenci\u00f3n, curaci\u00f3n, tratamiento, cuidados domiciliarios y rehabilitaci\u00f3n de la salud; y atienden en forma ambulatoria.<\/p>\n\n\n\n<p class=\"has-white-color has-vivid-cyan-blue-background-color has-text-color has-background\"><strong>Descripci\u00f3n<\/strong><\/p>\n\n\n\n<p>Actualmente nuestros CESFAMs atienden a la poblaci\u00f3n mediante un&nbsp;modelo de atenci\u00f3n, conocido como MODELO DE SALUD FAMILIAR.<\/p>\n\n\n\n<p>Dentro de las estrategias est\u00e1 el trabajar de manera sectorizada, con equipos de cabecera a cargo de familias. El enfoque de atenci\u00f3n es BIOPSICOSOCIAL, lo que significa que tanto la dimensi\u00f3n biol\u00f3gica como la psicol\u00f3gica y la social se analiza y aplica en las familias. As\u00ed, no s\u00f3lo se sanan las enfermedades propias del cuerpo y la biolog\u00eda, sino que se fomenta el autocuidado y los estilos de vida saludable, se trabaja con las redes sanitarias y sociales. Las acciones son participativas y la atenci\u00f3n en basada en la evidencia cient\u00edfica, apoy\u00e1ndose de Gu\u00edas Cl\u00ednicas y Protocolos de Atenci\u00f3n.<\/div><\/div>\n\n\n\n<p class=\"has-white-color has-vivid-cyan-blue-background-color has-text-color has-background\"><strong>CESFAM PADRE LAS CASAS<\/strong><\/p>\n\n\n\n<figure class=\"wp-block-table is-style-stripes\"><table><tbody><tr><td>Ubicaci\u00f3n<\/td><td>Almirante Barroso 365.<\/td><\/tr><tr><td>Horario de Atenci\u00f3n<\/td><td>Lunes a jueves desde las 08:00 hrs hasta las 17:00 hrs. Viernes desde las 08:00 hrs hasta las 16:00 hrs.<\/td><\/tr><tr><td>Director<\/td><td>Roberto Balmora Torres<\/td><\/tr><tr><td>Email<\/td><td>roberto.balmora@padrelascasas.cl<\/td><\/tr><tr><td>Tel\u00e9fono<\/td><td>452962020<\/td><\/tr><\/tbody><\/table><\/figure>\n\n\n\n<p class=\"has-white-color has-vivid-cyan-blue-background-color has-text-color has-background\"><strong>CESFAM LAS COLINAS<\/strong><\/p>\n\n\n\n<figure class=\"wp-block-table is-style-stripes\"><table><tbody><tr><td>Ubicaci\u00f3n<\/td><td>Ma\u00f1il 130<\/td><\/tr><tr><td>Horario de Atenci\u00f3n<\/td><td>Lunes a jueves desde las 08:00 hrs hasta las 17:00 hrs. Viernes desde las 08:00 hrs hasta las 16:00 hrs.<\/td><\/tr><tr><td>Director<\/td><td>Felipe Segui Villa<\/td><\/tr><tr><td>Email<\/td><td>fsegui@padrelascasas.cl<\/td><\/tr><tr><td>Tel\u00e9fono<\/td><td>452962250<\/td><\/tr><\/tbody><\/table><\/figure>\n\n\n\n<p class=\"has-white-color has-vivid-cyan-blue-background-color has-text-color has-background\"><strong>CESAFAM PULMAHUE<\/strong><\/p>\n\n\n\n<figure class=\"wp-block-table is-style-stripes\"><table><tbody><tr><td>Ubicaci\u00f3n<\/td><td>Avenida La Quebrada N\u00b0 1419<\/td><\/tr><tr><td>Horario de Atenci\u00f3n<\/td><td>Lunes a jueves desde las 08:00 hrs hasta las 17:00 hrs. Viernes desde las 08:00 hrs hasta las 16:00 hrs.<\/td><\/tr><tr><td>Director<\/td><td>Gabriela Quezada Vasquez<\/td><\/tr><tr><td>Email<\/td><td>gquezada@padrelascasas.cl<\/td><\/tr><tr><td>Tel\u00e9fono<\/td><td>452962100<\/td><\/tr><\/tbody><\/table><\/figure>\n\n\n\n<p class=\"has-white-color has-vivid-cyan-blue-background-color has-text-color has-background\"><strong>CESFAM CONUNHUENU<\/strong><\/p>\n\n\n\n<figure class=\"wp-block-table is-style-stripes\"><table><tbody><tr><td>Ubicaci\u00f3n<\/td><td>Avenida Pulmahue 1405<\/td><\/tr><tr><td>Horario de Atenci\u00f3n<\/td><td>Lunes a jueves desde las 08:00 hrs hasta las 17:00 hrs. Viernes desde las 08:00 hrs hasta las 16:00 hrs.<\/td><\/tr><tr><td>Director<\/td><td>Elizabeth Rosales Velozo<\/td><\/tr><tr><td>Email<\/td><td>erosales@padrelascasas.cl<\/td><\/tr><tr><td>Tel\u00e9fono<\/td><td>452742300<\/td><\/tr><\/tbody><\/table><\/figure>\n\n\n\n<div class=\"su-spoiler su-spoiler-style-default su-spoiler-icon-plus su-spoiler-closed\" data-scroll-offset=\"0\" data-anchor-in-url=\"no\"><div class=\"su-spoiler-title\" tabindex=\"0\" role=\"button\"><span class=\"su-spoiler-icon\"><\/span>Centro Comunitario de Rehabilitaci\u00f3n (CCR)<\/div><div class=\"su-spoiler-content su-u-clearfix su-u-trim\">\n\n\n\n<p>Centro dependiente del Departamento de Salud Municipal conformado por un equipo profesional multidisciplinario destinado a entregar prestaciones en el \u00e1rea de la Rehabilitaci\u00f3n F\u00edsica Integral a Personas en Situaci\u00f3n de Discapacidad Moderada a Severa que han sido derivadas previa evaluaci\u00f3n m\u00e9dica. Sus acciones de desarrollan bajo el Modelo de Rehabilitaci\u00f3n Basada en la Comunidad (RBC)<\/p>\n\n\n\n<p class=\"has-white-color has-vivid-cyan-blue-background-color has-text-color has-background\"><strong>Funciones<\/strong><\/p>\n\n\n\n<p>Evaluaci\u00f3n, tratamiento y control por equipo profesional multidisciplinario de situaciones de salud que generan discapacidad f\u00edsica moderada a severa, previa evaluaci\u00f3n y derivaci\u00f3n por M\u00e9dico en Red de Sistema P\u00fablico de Salud.<\/p>\n\n\n\n<p>Apoyo profesional complementario al proceso de rehabilitaci\u00f3n f\u00edsica integral, bajo un enfoque biopsicosocial y familiar.<\/p>\n\n\n\n<p>Orientaci\u00f3n y gesti\u00f3n para la acreditaci\u00f3n de la discapacidad.<\/p>\n\n\n\n<p>Gesti\u00f3n y actividades de promoci\u00f3n, participaci\u00f3n, prevenci\u00f3n y fomento de la Inclusi\u00f3n Social de Personas en Situaci\u00f3n de Discapacidad.<\/p>\n\n\n\n<figure class=\"wp-block-table is-style-stripes\"><table><tbody><tr><td>Ubicaci\u00f3n<\/td><td>Francisco Pizarro N\u00b0 680<\/td><\/tr><tr><td>Horario de Atenci\u00f3n<\/td><td>Lunes a jueves desde las 08:00 hrs hasta las 17:30 hrs. Viernes desde las 08:00 hrs hasta las 16:30 hrs.<\/td><\/tr><tr><td>Encargado(a)<\/td><td>Josefa Molina Sandoval<\/td><\/tr><tr><td>Email<\/td><td>contacto.ccr@padrelascasas.cl<\/td><\/tr><tr><td>Tel\u00e9fono<\/td><td>452746450<\/td><\/tr><\/tbody><\/table><figcaption class=\"wp-element-caption\"><\/div><\/div><\/figcaption><\/figure>\n\n\n\n<div class=\"su-spoiler su-spoiler-style-default su-spoiler-icon-plus su-spoiler-closed\" data-scroll-offset=\"0\" data-anchor-in-url=\"no\"><div class=\"su-spoiler-title\" tabindex=\"0\" role=\"button\"><span class=\"su-spoiler-icon\"><\/span>Programa de Atenci\u00f3n Domiciliaria (PAD)<\/div><div class=\"su-spoiler-content su-u-clearfix su-u-trim\">\n\n\n\n<p>El Programa de Atenci\u00f3n Domiciliaria a Personas con Dependencia Severa de La comuna de Padre Las casas es una unidad Transversal, la cual depende de la Direcci\u00f3n del Departamento de Salud Municipal. Este programa da cobertura a las personas con dependencia severa inscritas en los establecimientos de Atenci\u00f3n Primaria de la Comuna de Padre Las Casas, esto incluye sus cuatros CESFAM, y sus respectivas Postas de Salud Rural.&nbsp; Visitando de manera regular&nbsp;a los usuarios tanto en el sector urbano como rural.&nbsp; Este programa&nbsp;tiene como objetivo principal&nbsp;entregar una atenci\u00f3n de salud integral a la persona con dependencia severa, cuidador y familia, en su domicilio.<\/p>\n\n\n\n<figure class=\"wp-block-table is-style-stripes\"><table><tbody><tr><td>Ubicaci\u00f3n<\/td><td>Pleiteado N\u00b0712, Segundo Piso, Local 203<\/td><\/tr><tr><td>Horario de Atenci\u00f3n<\/td><td>Lunes a viernes de 08:00 a 17:00 hrs.<\/td><\/tr><tr><td>Encargado(a)<\/td><td>Tamara Mu\u00f1oz Pe\u00f1a<\/td><\/tr><tr><td>Email<\/td><td>tamara.munoz@padrelascasas.cl<\/td><\/tr><tr><td>Tel\u00e9fono<\/td><td>452962082<\/td><\/tr><\/tbody><\/table><figcaption class=\"wp-element-caption\"><\/div><\/div><\/figcaption><\/figure>\n\n\n\n<p><\/p>\n","protected":false},"excerpt":{"rendered":"<p>Director Claudio Antonio Lagos Turrieta Profesi\u00f3n Kinesi\u00f3logo clagost@padrelascasas.cl 452962200 Secretaria Lorena Aguilar Chacano secretaria.salud@padrelascasas.cl 452962200 Descripci\u00f3n Direcci\u00f3n El Departamento de Salud Municipal tiene a su cargo la administraci\u00f3n y operaci\u00f3n de los establecimientos de Atenci\u00f3n Primaria debiendo velar por el buen funcionamiento de estos con el fin de dar cumplimiento a los objetivos que establece [&hellip;]<\/p>\n","protected":false},"author":1,"featured_media":0,"parent":0,"menu_order":0,"comment_status":"closed","ping_status":"closed","template":"","meta":{"pgc_sgb_lightbox_settings":"","footnotes":""},"class_list":["post-1501","page","type-page","status-publish","hentry"],"_links":{"self":[{"href":"https:\/\/padrelascasas.cl\/newplc\/wp-json\/wp\/v2\/pages\/1501","targetHints":{"allow":["GET"]}}],"collection":[{"href":"https:\/\/padrelascasas.cl\/newplc\/wp-json\/wp\/v2\/pages"}],"about":[{"href":"https:\/\/padrelascasas.cl\/newplc\/wp-json\/wp\/v2\/types\/page"}],"author":[{"embeddable":true,"href":"https:\/\/padrelascasas.cl\/newplc\/wp-json\/wp\/v2\/users\/1"}],"replies":[{"embeddable":true,"href":"https:\/\/padrelascasas.cl\/newplc\/wp-json\/wp\/v2\/comments?post=1501"}],"version-history":[{"count":3,"href":"https:\/\/padrelascasas.cl\/newplc\/wp-json\/wp\/v2\/pages\/1501\/revisions"}],"predecessor-version":[{"id":12501,"href":"https:\/\/padrelascasas.cl\/newplc\/wp-json\/wp\/v2\/pages\/1501\/revisions\/12501"}],"wp:attachment":[{"href":"https:\/\/padrelascasas.cl\/newplc\/wp-json\/wp\/v2\/media?parent=1501"}],"curies":[{"name":"wp","href":"https:\/\/api.w.org\/{rel}","templated":true}]}}