{"id":1797,"date":"2020-10-26T00:00:00","date_gmt":"2020-10-26T03:00:00","guid":{"rendered":"http:\/\/www.padrelascasas.cl\/newplc\/?page_id=1797"},"modified":"2021-10-26T12:41:00","modified_gmt":"2021-10-26T15:41:00","slug":"concursos-publicos","status":"publish","type":"page","link":"https:\/\/padrelascasas.cl\/newplc\/concursos-publicos\/","title":{"rendered":"Concursos P\u00fablicos"},"content":{"rendered":"\n<p>En el listado a continuaci\u00f3n, usted podr\u00e1 conocer el detalle de los cargos disponibles y realizar la postulaci\u00f3n a los que resulten de su inter\u00e9s.<\/p>\n\n\n\n<div style=\"height:20px\" aria-hidden=\"true\" class=\"wp-block-spacer\"><\/div>\n\n\n\n<div class=\"wp-block-buttons is-content-justification-center is-layout-flex wp-block-buttons-is-layout-flex\">\n<div class=\"wp-block-button is-style-outline pB-3 is-style-outline--1\"><a class=\"wp-block-button__link has-white-color has-vivid-cyan-blue-background-color has-text-color has-background\" href=\"https:\/\/www.padrelascasas.cl\/newplc\/wp-content\/uploads\/2021\/09\/DEC-1820-Llamado-a-Concurso-Publico-y-Aprobacion-de-Bases.pdf\" style=\"border-radius:2px\" target=\"_blank\" rel=\"noreferrer noopener\">Decreto N\u00b0 1820  que llama a Concurso P\u00fablico y Aprueba Bases<\/a><\/div>\n\n\n\n<div class=\"wp-block-button is-style-outline pB-3 is-style-outline--2\"><a class=\"wp-block-button__link has-white-color has-vivid-cyan-blue-background-color has-text-color has-background\" href=\"https:\/\/www.padrelascasas.cl\/newplc\/wp-content\/uploads\/2021\/10\/Modificacion-concurso.pdf\" style=\"border-radius:2px\" target=\"_blank\" rel=\"noreferrer noopener\">Decreto N\u00b0 2178  que ampl\u00eda plazos de resoluci\u00f3n del concurso<\/a><\/div>\n<\/div>\n\n\n\n<div class=\"wp-block-buttons is-content-justification-center is-layout-flex wp-block-buttons-is-layout-flex\"><\/div>\n\n\n\n<div style=\"height:41px\" aria-hidden=\"true\" class=\"wp-block-spacer\"><\/div>\n\n\n\n<div class=\"wp-block-columns is-layout-flex wp-container-core-columns-is-layout-1 wp-block-columns-is-layout-flex\">\n<div class=\"wp-block-column is-layout-flow wp-block-column-is-layout-flow\" style=\"flex-basis:100%\">\n<div class=\"wp-block-group\"><div class=\"wp-block-group__inner-container is-layout-flow wp-block-group-is-layout-flow\">\n<figure id=\"tabla-directivos\" class=\"wp-block-table table table-bordered table-sm is-sstripes\"><table><thead><tr><th class=\"has-text-align-center\" data-align=\"left\">N\u00ba de Cargos<\/th><th class=\"has-text-align-center\" data-align=\"center\" style=\"\n    width: 60%;\n\">Planta<\/th><th class=\"has-text-align-center\" data-align=\"center\">Escalaf\u00f3n<\/th><th class=\"has-text-align-center\" data-align=\"center\">Descarga<\/th><\/tr><\/thead><tbody>\n\n<tr><td class=\"has-text-align-center\" data-align=\"left\">1<\/td>\n\t<td class=\"has-text-align-center\" data-align=\"center\">Profesional<\/td>\n\t<td class=\"has-text-align-center\" data-align=\"center\">9<\/td>\n\t<td class=\"has-text-align-center\" data-align=\"center\"><a href=\"https:\/\/www.padrelascasas.cl\/newplc\/wp-content\/uploads\/2021\/09\/Bases-Profesional.pdf\" target=\"_blank\" rel=\"noreferrer noopener\" class=\"ek-link btn btn-primary\">Descargar Bases<\/a><\/td>\n<\/tr>\n\n<tr><td class=\"has-text-align-center\" data-align=\"left\">4<\/td>\n\t<td class=\"has-text-align-center\" data-align=\"center\">Jefaturas<\/td>\n\t<td class=\"has-text-align-center\" data-align=\"center\">12<\/td>\n\t<td class=\"has-text-align-center\" data-align=\"center\"><a href=\"https:\/\/www.padrelascasas.cl\/newplc\/wp-content\/uploads\/2021\/09\/Bases-Jefatura.pdf\" target=\"_blank\" rel=\"noreferrer noopener\" class=\"ek-link btn btn-primary\">Descargar Bases<\/a><\/td>\n<\/tr>\n\n<tr><td class=\"has-text-align-center\" data-align=\"left\">4<\/td>\n\t<td class=\"has-text-align-center\" data-align=\"center\">T\u00e9cnicos<\/td>\n\t<td class=\"has-text-align-center\" data-align=\"center\">13<\/td>\n\t<td class=\"has-text-align-center\" data-align=\"center\"><a href=\"https:\/\/www.padrelascasas.cl\/newplc\/wp-content\/uploads\/2021\/09\/Bases-Tecnicos.pdf\" target=\"_blank\" rel=\"noreferrer noopener\" class=\"ek-link btn btn-primary\">Descargar Bases<\/a><\/td>\n<\/tr>\n\n<tr><td class=\"has-text-align-center\" data-align=\"left\">2<\/td>\n\t<td class=\"has-text-align-center\" data-align=\"center\">Administrativos<\/td>\n\t<td class=\"has-text-align-center\" data-align=\"center\">15<\/td>\n\t<td class=\"has-text-align-center\" data-align=\"center\"><a href=\"https:\/\/www.padrelascasas.cl\/newplc\/wp-content\/uploads\/2021\/09\/Bases-Administrativos.pdf\" target=\"_blank\" rel=\"noreferrer noopener\" class=\"ek-link btn btn-primary\">Descargar Bases<\/a><\/td>\n<\/tr>\n\n<tr><td class=\"has-text-align-center\" data-align=\"left\">1<\/td>\n\t<td class=\"has-text-align-center\" data-align=\"center\">Auxiliares<\/td>\n\t<td class=\"has-text-align-center\" data-align=\"center\">14<\/td>\n\t<td class=\"has-text-align-center\" rowspan=\"4\" align=\"center\"><a href=\"https:\/\/www.padrelascasas.cl\/newplc\/wp-content\/uploads\/2021\/09\/Bases-Auxiliares.pdf\" target=\"_blank\" rel=\"noreferrer noopener\" class=\"ek-link btn btn-primary\">Descargar Bases<\/a><\/td>\n<\/tr>\n\n<tr><td class=\"has-text-align-center\" data-align=\"left\">1<\/td>\n\t<td class=\"has-text-align-center\" data-align=\"center\">Auxiliares<\/td>\n\t<td class=\"has-text-align-center\" data-align=\"center\">15<\/td>\n<\/tr>\n<tr><td class=\"has-text-align-center\" data-align=\"left\">1<\/td>\n\t<td class=\"has-text-align-center\" data-align=\"center\">Auxiliares<\/td>\n\t<td class=\"has-text-align-center\" data-align=\"center\">16<\/td>\n<\/tr>\n\n<tr><td class=\"has-text-align-center\" data-align=\"left\">1<\/td>\n\t<td class=\"has-text-align-center\" data-align=\"center\">Auxiliares<\/td>\n\t<td class=\"has-text-align-center\" data-align=\"center\">17<\/td>\n<\/tr>\n\n\n<\/tbody><\/table><\/figure>\n<\/div><\/div>\n<\/div>\n<\/div>\n","protected":false},"excerpt":{"rendered":"<p>En el listado a continuaci\u00f3n, usted podr\u00e1 conocer el detalle de los cargos disponibles y realizar la postulaci\u00f3n a los que resulten de su inter\u00e9s. N\u00ba de Cargos Planta Escalaf\u00f3n Descarga 1 Profesional 9 Descargar Bases 4 Jefaturas 12 Descargar Bases 4 T\u00e9cnicos 13 Descargar Bases 2 Administrativos 15 Descargar Bases 1 Auxiliares 14 Descargar [&hellip;]<\/p>\n","protected":false},"author":1,"featured_media":1882,"parent":0,"menu_order":0,"comment_status":"closed","ping_status":"closed","template":"page-direcciones.php","meta":{"pgc_sgb_lightbox_settings":"","footnotes":""},"class_list":["post-1797","page","type-page","status-publish","has-post-thumbnail","hentry"],"_links":{"self":[{"href":"https:\/\/padrelascasas.cl\/newplc\/wp-json\/wp\/v2\/pages\/1797","targetHints":{"allow":["GET"]}}],"collection":[{"href":"https:\/\/padrelascasas.cl\/newplc\/wp-json\/wp\/v2\/pages"}],"about":[{"href":"https:\/\/padrelascasas.cl\/newplc\/wp-json\/wp\/v2\/types\/page"}],"author":[{"embeddable":true,"href":"https:\/\/padrelascasas.cl\/newplc\/wp-json\/wp\/v2\/users\/1"}],"replies":[{"embeddable":true,"href":"https:\/\/padrelascasas.cl\/newplc\/wp-json\/wp\/v2\/comments?post=1797"}],"version-history":[{"count":0,"href":"https:\/\/padrelascasas.cl\/newplc\/wp-json\/wp\/v2\/pages\/1797\/revisions"}],"wp:featuredmedia":[{"embeddable":true,"href":"https:\/\/padrelascasas.cl\/newplc\/wp-json\/wp\/v2\/media\/1882"}],"wp:attachment":[{"href":"https:\/\/padrelascasas.cl\/newplc\/wp-json\/wp\/v2\/media?parent=1797"}],"curies":[{"name":"wp","href":"https:\/\/api.w.org\/{rel}","templated":true}]}}