{"id":86,"date":"2020-06-03T03:26:27","date_gmt":"2020-06-03T06:26:27","guid":{"rendered":"http:\/\/www.padrelascasas.cl\/newplc\/?page_id=86"},"modified":"2020-08-06T12:27:54","modified_gmt":"2020-08-06T15:27:54","slug":"turismo-y-artesania","status":"publish","type":"page","link":"https:\/\/padrelascasas.cl\/newplc\/turismo-y-artesania\/","title":{"rendered":"Turismo y Artesan\u00eda"},"content":{"rendered":"\n<div class=\"su-accordion su-u-trim\"><\/div><div class=\"su-spoiler su-spoiler-style-default su-spoiler-icon-plus su-spoiler-closed\" data-scroll-offset=\"0\" data-anchor-in-url=\"no\"><div class=\"su-spoiler-title\" tabindex=\"0\" role=\"button\"><span class=\"su-spoiler-icon\"><\/span>Turismo<\/div><div class=\"su-spoiler-content su-u-clearfix su-u-trim\"> <\/p>\n\n\n\n<p class=\"has-text-align-justify\">Etnoturismo, (Turismo Mapuche o Turismo Rural) Esta actividad tambi\u00e9n es secundaria o terciaria, ya que en la mayor\u00eda de los casos los emprendedores son tambi\u00e9n agricultores\/as, artesanos\/as.<\/p>\n\n\n\n<\/div><\/div>\n\n\n\n<div class=\"su-accordion su-u-trim\"><\/div><div class=\"su-spoiler su-spoiler-style-default su-spoiler-icon-plus su-spoiler-closed\" data-scroll-offset=\"0\" data-anchor-in-url=\"no\"><div class=\"su-spoiler-title\" tabindex=\"0\" role=\"button\"><span class=\"su-spoiler-icon\"><\/span>Artesan\u00eda<\/div><div class=\"su-spoiler-content su-u-clearfix su-u-trim\"> <\/p>\n\n\n\n<ul class=\"wp-block-list\"><li>Tradicional Mapuche, la Textiler\u00eda basadas en la elaboraci\u00f3n de prendas tradicionales e innovaci\u00f3n en la confecci\u00f3n de art\u00edculos de uso dom\u00e9sticos como son los senderos de mesa, alfombras, bajadas de camas, individuales, entre otros, tomando como base la lana de oveja te\u00f1ida a la usanza ind\u00edgena.<\/li><\/ul>\n\n\n\n<ul class=\"wp-block-list\"><li>Alfarer\u00eda, en la mayor\u00eda de los casos corresponde a la primera actividad econ\u00f3mica de las familias dedicadas a este rubro.<br><\/li><\/ul>\n\n\n\n<ul class=\"wp-block-list\"><li>Orfebrer\u00eda, en el caso de esta actividad tambi\u00e9n corresponde a la primera actividad econ\u00f3mica que realizan los artesanos.<\/li><\/ul>\n\n\n\n<ul class=\"wp-block-list\"><li>Cester\u00eda, esta actividad corresponde a una actividad secundaria ya que en baja temporada el artesano debe buscar trabajo en el rubro agr\u00edcola generalmente.<\/li><\/ul>\n\n\n\n<ul class=\"wp-block-list\"><li>Talabarter\u00eda tradicional, esta actividad es secundaria a la actividad agr\u00edcola-ganadera, ya que requieren de cueros de animales para poder trabajar.<\/li><\/ul>\n\n\n\n<ul class=\"wp-block-list\"><li>Madera, es tambi\u00e9n una actividad secundaria ya que quien realiza esta labor debe complementarla con la agricultura y el comercio.<\/li><\/ul>\n\n\n\n<ul class=\"wp-block-list\"><li>Piedra, esta tipo de artesan\u00eda es de tipo secundaria a la actividad agr\u00edcola.<\/li><\/ul>\n\n\n\n<ul class=\"wp-block-list\"><li>Prendas de vestir, manteniendo como base la lana de oveja y te\u00f1idos tradicionales, las artesanas confeccionan prendas de vestir con dise\u00f1os innovadores para complementar con la moda de cada temporada.<\/li><\/ul>\n\n\n\n<\/div><\/div>\n","protected":false},"excerpt":{"rendered":"","protected":false},"author":1,"featured_media":1015,"parent":0,"menu_order":0,"comment_status":"closed","ping_status":"closed","template":"page-direcciones.php","meta":{"pgc_sgb_lightbox_settings":"","footnotes":""},"class_list":["post-86","page","type-page","status-publish","has-post-thumbnail","hentry"],"_links":{"self":[{"href":"https:\/\/padrelascasas.cl\/newplc\/wp-json\/wp\/v2\/pages\/86","targetHints":{"allow":["GET"]}}],"collection":[{"href":"https:\/\/padrelascasas.cl\/newplc\/wp-json\/wp\/v2\/pages"}],"about":[{"href":"https:\/\/padrelascasas.cl\/newplc\/wp-json\/wp\/v2\/types\/page"}],"author":[{"embeddable":true,"href":"https:\/\/padrelascasas.cl\/newplc\/wp-json\/wp\/v2\/users\/1"}],"replies":[{"embeddable":true,"href":"https:\/\/padrelascasas.cl\/newplc\/wp-json\/wp\/v2\/comments?post=86"}],"version-history":[{"count":0,"href":"https:\/\/padrelascasas.cl\/newplc\/wp-json\/wp\/v2\/pages\/86\/revisions"}],"wp:featuredmedia":[{"embeddable":true,"href":"https:\/\/padrelascasas.cl\/newplc\/wp-json\/wp\/v2\/media\/1015"}],"wp:attachment":[{"href":"https:\/\/padrelascasas.cl\/newplc\/wp-json\/wp\/v2\/media?parent=86"}],"curies":[{"name":"wp","href":"https:\/\/api.w.org\/{rel}","templated":true}]}}