{"id":922,"date":"2020-06-24T16:41:41","date_gmt":"2020-06-24T19:41:41","guid":{"rendered":"http:\/\/www.padrelascasas.cl\/newplc\/?page_id=922"},"modified":"2020-06-24T16:53:05","modified_gmt":"2020-06-24T19:53:05","slug":"comite-paritario","status":"publish","type":"page","link":"https:\/\/padrelascasas.cl\/newplc\/comite-paritario\/","title":{"rendered":"Comit\u00e9 Paritario"},"content":{"rendered":"\n<p class=\"has-text-color has-background has-very-light-gray-color has-vivid-cyan-blue-background-color\"><strong>\u00bfQu\u00e9 es un Comit\u00e9 Paritarios de Higiene y Seguridad (CPHS)?<\/strong><\/p>\n\n\n\n<p>El Comit\u00e9 Paritario de Higiene y Seguridad (CPHS) es el organismo t\u00e9cnico de participaci\u00f3n entre empresas y trabajadores, para detectar y evaluar los riesgos de accidentes y enfermedades profesionales.<\/p>\n\n\n\n<p>Los Comit\u00e9s Paritarios son obligatorios en empresas con m\u00e1s de 25 trabajadores y deben estar integrados por tres representantes de la empresa y tres de los trabajadores.<\/p>\n\n\n\n<p class=\"has-text-color has-background has-very-light-gray-color has-vivid-cyan-blue-background-color\"><strong>CONCEPTOS B\u00c1SICOS<\/strong><\/p>\n\n\n\n<p><strong>\u00bfCu\u00e1les son sus principales funciones?<\/strong><\/p>\n\n\n\n<ul class=\"wp-block-list\"><li>Instruir sobre la correcta utilizaci\u00f3n de equipos de protecci\u00f3n personal.<\/li><li>Vigilar el cumplimiento de medidas de prevenci\u00f3n de higiene y seguridad.<\/li><li>Investigar causas de accidentes y enfermedades profesionales en la empresa.<\/li><li>Decidir negligencia inexcusable.<\/li><li>Adoptar medidas de higiene y seguridad para la prevenci\u00f3n de riesgos profesionales.<\/li><li>Cumplir funciones encomendadas por el organismo administrador.<\/li><li>Promover la capacitaci\u00f3n.<\/li><\/ul>\n\n\n\n<p><strong>\u00bfCu\u00e1les son los requisitos para ser miembro?<\/strong><\/p>\n\n\n\n<ul class=\"wp-block-list\"><li>Tener m\u00e1s de 18 a\u00f1os.<\/li><li>Saber leer y escribir.<\/li><li>Un a\u00f1o de antig\u00fcedad en el trabajo.<\/li><li>Realizar cursos de orientaci\u00f3n en prevenci\u00f3n de riesgo.<\/li><\/ul>\n\n\n\n<p><strong>Los beneficios de constituir un Comit\u00e9 Paritario en su empresa&nbsp;<\/strong><\/p>\n\n\n\n<ul class=\"wp-block-list\"><li>Aprovechar las mejores ideas y pr\u00e1cticas de prevenci\u00f3n de accidentes.<\/li><li>Disminuir los d\u00edas perdidos por accidentes laborales.<\/li><li>Crear una Cultura Preventiva en todos los estamentos de su empresa.<\/li><\/ul>\n\n\n\n<p>Rebajar la cotizaci\u00f3n adicional.<\/p>\n\n\n\n<p class=\"has-text-color has-background has-very-light-gray-color has-vivid-cyan-blue-background-color\"><strong>DOCUMENTOS<\/strong><\/p>\n\n\n\n<ul class=\"wp-block-list\"><li><a href=\"http:\/\/www.padrelascasas.cl\/transparencia_activa_plc\/02. Potestades y Marco Normativo\/REGLAMENTO 61.pdf\" target=\"_blank\" rel=\"noreferrer noopener\">Reglamento Interno de Orden, Higiene y Seguridad Municipalidad de Padre Las Casas N\u00b061 de fecha 21-10-2019<\/a><\/li><li><a href=\"http:\/\/www.padrelascasas.cl\/comite_paritario\/CARPETA 1 - Comite Paritario Padre Las Casas\/Decreto Supremo 54 Reglamentacion General para la Formacion de Comites Paritarios.pdf\" target=\"_blank\" rel=\"noreferrer noopener\">Decreto Supremo 54 Reglamentacion General para la Formacion de Comites Paritarios<\/a><\/li><li><a href=\"http:\/\/www.padrelascasas.cl\/comite_paritario\/derecho a saber.pdf\" target=\"_blank\" rel=\"noreferrer noopener\">Derecho a Saber<\/a><\/li><li><a href=\"http:\/\/www.padrelascasas.cl\/transparencia_activa_plc\/02. Potestades y Marco Normativo\/DEC 2012.pdf\">Integrantes Comit\u00e9 Paritario Higiene y Seguridad de la Municipalidad periodo 2020-2021.<\/a><\/li><\/ul>\n","protected":false},"excerpt":{"rendered":"<p>\u00bfQu\u00e9 es un Comit\u00e9 Paritarios de Higiene y Seguridad (CPHS)? El Comit\u00e9 Paritario de Higiene y Seguridad (CPHS) es el organismo t\u00e9cnico de participaci\u00f3n entre empresas y trabajadores, para detectar y evaluar los riesgos de accidentes y enfermedades profesionales. Los Comit\u00e9s Paritarios son obligatorios en empresas con m\u00e1s de 25 trabajadores y deben estar integrados [&hellip;]<\/p>\n","protected":false},"author":1,"featured_media":0,"parent":0,"menu_order":0,"comment_status":"closed","ping_status":"closed","template":"","meta":{"pgc_sgb_lightbox_settings":"","footnotes":""},"class_list":["post-922","page","type-page","status-publish","hentry"],"_links":{"self":[{"href":"https:\/\/padrelascasas.cl\/newplc\/wp-json\/wp\/v2\/pages\/922","targetHints":{"allow":["GET"]}}],"collection":[{"href":"https:\/\/padrelascasas.cl\/newplc\/wp-json\/wp\/v2\/pages"}],"about":[{"href":"https:\/\/padrelascasas.cl\/newplc\/wp-json\/wp\/v2\/types\/page"}],"author":[{"embeddable":true,"href":"https:\/\/padrelascasas.cl\/newplc\/wp-json\/wp\/v2\/users\/1"}],"replies":[{"embeddable":true,"href":"https:\/\/padrelascasas.cl\/newplc\/wp-json\/wp\/v2\/comments?post=922"}],"version-history":[{"count":0,"href":"https:\/\/padrelascasas.cl\/newplc\/wp-json\/wp\/v2\/pages\/922\/revisions"}],"wp:attachment":[{"href":"https:\/\/padrelascasas.cl\/newplc\/wp-json\/wp\/v2\/media?parent=922"}],"curies":[{"name":"wp","href":"https:\/\/api.w.org\/{rel}","templated":true}]}}